{"id":6773,"date":"2024-01-12T08:40:34","date_gmt":"2024-01-12T07:40:34","guid":{"rendered":"https:\/\/greenhouseverandas.be\/realisatie\/veranda-avec-auvent\/"},"modified":"2024-04-04T10:39:48","modified_gmt":"2024-04-04T09:39:48","slug":"veranda-avec-auvent","status":"publish","type":"realisatie","link":"https:\/\/greenhouseverandas.be\/fr\/realisatie\/veranda-avec-auvent\/","title":{"rendered":"V\u00e9randa avec auvent"},"content":{"rendered":"<p>Le Lorem Ipsum n&rsquo;est qu&rsquo;un exemple de texte issu de l&rsquo;industrie de l&rsquo;imprimerie et de la composition. Le Lorem Ipsum est le texte d&rsquo;\u00e9preuve standard dans ce secteur depuis le XVIe si\u00e8cle, lorsqu&rsquo;un imprimeur inconnu a pris un crochet avec des lettres et les a brouill\u00e9es pour cr\u00e9er un catalogue de polices de caract\u00e8res. Il a non seulement surv\u00e9cu \u00e0 cinq si\u00e8cles, mais il a \u00e9galement \u00e9t\u00e9 adopt\u00e9, pratiquement sans modification, dans la composition \u00e9lectronique. Il est devenu populaire dans les ann\u00e9es 1960 avec l&rsquo;introduction des feuilles Letraset contenant des passages en Lorem Ipsum et, plus r\u00e9cemment, gr\u00e2ce \u00e0 des logiciels de publication assist\u00e9e par ordinateur tels qu&rsquo;Aldus PageMaker qui incluaient des versions de Lorem Ipsum.<\/p>\n","protected":false},"featured_media":6051,"parent":0,"template":"","meta":{"_acf_changed":false},"categorie":[],"class_list":["post-6773","realisatie","type-realisatie","status-publish","has-post-thumbnail","hentry"],"acf":[],"_links":{"self":[{"href":"https:\/\/greenhouseverandas.be\/fr\/wp-json\/wp\/v2\/realisatie\/6773","targetHints":{"allow":["GET"]}}],"collection":[{"href":"https:\/\/greenhouseverandas.be\/fr\/wp-json\/wp\/v2\/realisatie"}],"about":[{"href":"https:\/\/greenhouseverandas.be\/fr\/wp-json\/wp\/v2\/types\/realisatie"}],"wp:featuredmedia":[{"embeddable":true,"href":"https:\/\/greenhouseverandas.be\/fr\/wp-json\/wp\/v2\/media\/6051"}],"wp:attachment":[{"href":"https:\/\/greenhouseverandas.be\/fr\/wp-json\/wp\/v2\/media?parent=6773"}],"wp:term":[{"taxonomy":"categorie","embeddable":true,"href":"https:\/\/greenhouseverandas.be\/fr\/wp-json\/wp\/v2\/categorie?post=6773"}],"curies":[{"name":"wp","href":"https:\/\/api.w.org\/{rel}","templated":true}]}}

Véranda avec auvent

<p>Le Lorem Ipsum n&rsquo;est qu&rsquo;un exemple de texte issu de l&rsquo;industrie de l&rsquo;imprimerie et de la composition. Le Lorem Ipsum est le texte d&rsquo;épreuve standard dans ce secteur depuis le XVIe siècle, lorsqu&rsquo;un imprimeur inconnu a pris un crochet avec des lettres et les a brouillées pour créer un catalogue de polices de caractères. Il a non seulement survécu à cinq siècles, mais il a également été adopté, pratiquement sans modification, dans la composition électronique. Il est devenu populaire dans les années 1960 avec l&rsquo;introduction des feuilles Letraset contenant des passages en Lorem Ipsum et, plus récemment, grâce à des logiciels de publication assistée par ordinateur tels qu&rsquo;Aldus PageMaker qui incluaient des versions de Lorem Ipsum.</p>
