{"id":7446,"date":"2025-06-24T12:44:53","date_gmt":"2025-06-24T11:44:53","guid":{"rendered":"https:\/\/greenhouseverandas.be\/declaration-daccessibilite\/"},"modified":"2025-06-24T12:45:01","modified_gmt":"2025-06-24T11:45:01","slug":"declaration-daccessibilite","status":"publish","type":"page","link":"https:\/\/greenhouseverandas.be\/fr\/declaration-daccessibilite\/","title":{"rendered":"D\u00e9claration d&rsquo;accessibilit\u00e9"},"content":{"rendered":"\n<h6 class=\"wp-block-heading has-text-align-center\">D\u00e9claration d&rsquo;accessibilit\u00e9 pour https:\/\/greenhouseverandas.be\/<\/h6>\n\n<p><strong>Greenhouse Verandas<\/strong> s&rsquo;engage en faveur de l&rsquo;accessibilit\u00e9 num\u00e9rique pour les personnes handicap\u00e9es. Nous am\u00e9liorons continuellement l&rsquo;exp\u00e9rience utilisateur pour tous et appliquons les normes d&rsquo;accessibilit\u00e9 pertinentes. <\/p>\n\n<h6 class=\"wp-block-heading\">\u00c9tat de conformit\u00e9<\/h6>\n\n<p>Les directives sur l&rsquo;accessibilit\u00e9 des contenus web (WCAG) d\u00e9finissent des exigences pour les concepteurs et les d\u00e9veloppeurs afin d&rsquo;am\u00e9liorer l&rsquo;accessibilit\u00e9 pour les personnes handicap\u00e9es. Trois niveaux de conformit\u00e9 sont d\u00e9finis : niveau A, niveau AA et niveau AAA. <\/p>\n\n<p><strong>Greenhouse Verandas<\/strong> s&rsquo;efforce en permanence d&rsquo;am\u00e9liorer l&rsquo;accessibilit\u00e9 de son site et de ses services, car nous sommes convaincus qu&rsquo;il est de notre devoir moral collectif de permettre aux personnes handicap\u00e9es d&rsquo;utiliser le site de mani\u00e8re transparente, accessible et sans entrave.<\/p>\n\n<p>Nous nous effor\u00e7ons de rendre accessibles toutes les pages et tous les contenus du site <strong>https:\/\/greenhouseverandas.be\/<\/strong>, mais il se peut que certains contenus ne r\u00e9pondent pas encore enti\u00e8rement aux normes d&rsquo;accessibilit\u00e9 les plus strictes. Cela peut \u00eatre d\u00fb \u00e0 des difficult\u00e9s \u00e0 trouver la solution technologique la plus appropri\u00e9e. <\/p>\n\n<p>Nous pouvons r\u00e9viser cette d\u00e9claration p\u00e9riodiquement pour refl\u00e9ter les am\u00e9liorations ou les changements apport\u00e9s \u00e0 nos pratiques en mati\u00e8re d&rsquo;accessibilit\u00e9.<\/p>\n\n<h6 class=\"wp-block-heading\">Retour d&rsquo;information<\/h6>\n\n<p>Vos commentaires sur l&rsquo;accessibilit\u00e9 du site de <strong>Greenhouse Veranda<\/strong> sont les bienvenus. N&rsquo;h\u00e9sitez pas \u00e0 nous faire savoir si vous rencontrez des obstacles \u00e0 l&rsquo;accessibilit\u00e9 sur notre site : <\/p>\n\n<p>Courriel : <strong>info@greenhouseverandas.be<\/strong><\/p>\n\n<p>Nous nous effor\u00e7ons de r\u00e9pondre aux commentaires dans un d\u00e9lai de 3 \u00e0 5 jours ouvrables.<\/p>\n\n<p>Cette d\u00e9claration a \u00e9t\u00e9 cr\u00e9\u00e9e le 24-6-2025.  <\/p>\n","protected":false},"excerpt":{"rendered":"<p>D\u00e9claration d&rsquo;accessibilit\u00e9 pour https:\/\/greenhouseverandas.be\/ Greenhouse Verandas s&rsquo;engage en faveur de l&rsquo;accessibilit\u00e9 num\u00e9rique pour les personnes handicap\u00e9es. Nous am\u00e9liorons continuellement l&rsquo;exp\u00e9rience utilisateur pour tous et appliquons les normes d&rsquo;accessibilit\u00e9 pertinentes. \u00c9tat de conformit\u00e9 Les directives sur l&rsquo;accessibilit\u00e9 des contenus web (WCAG) d\u00e9finissent des exigences pour les concepteurs et les d\u00e9veloppeurs afin d&rsquo;am\u00e9liorer l&rsquo;accessibilit\u00e9 pour les personnes [&hellip;]<\/p>\n","protected":false},"author":1,"featured_media":0,"parent":0,"menu_order":0,"comment_status":"closed","ping_status":"closed","template":"","meta":{"_acf_changed":false,"footnotes":""},"class_list":["post-7446","page","type-page","status-publish","hentry"],"acf":[],"_links":{"self":[{"href":"https:\/\/greenhouseverandas.be\/fr\/wp-json\/wp\/v2\/pages\/7446","targetHints":{"allow":["GET"]}}],"collection":[{"href":"https:\/\/greenhouseverandas.be\/fr\/wp-json\/wp\/v2\/pages"}],"about":[{"href":"https:\/\/greenhouseverandas.be\/fr\/wp-json\/wp\/v2\/types\/page"}],"author":[{"embeddable":true,"href":"https:\/\/greenhouseverandas.be\/fr\/wp-json\/wp\/v2\/users\/1"}],"replies":[{"embeddable":true,"href":"https:\/\/greenhouseverandas.be\/fr\/wp-json\/wp\/v2\/comments?post=7446"}],"version-history":[{"count":1,"href":"https:\/\/greenhouseverandas.be\/fr\/wp-json\/wp\/v2\/pages\/7446\/revisions"}],"predecessor-version":[{"id":7447,"href":"https:\/\/greenhouseverandas.be\/fr\/wp-json\/wp\/v2\/pages\/7446\/revisions\/7447"}],"wp:attachment":[{"href":"https:\/\/greenhouseverandas.be\/fr\/wp-json\/wp\/v2\/media?parent=7446"}],"curies":[{"name":"wp","href":"https:\/\/api.w.org\/{rel}","templated":true}]}}

Déclaration d&rsquo;accessibilité

<h6 class="wp-block-heading has-text-align-center">Déclaration d&rsquo;accessibilité pour https://greenhouseverandas.be/</h6>

<p><strong>Greenhouse Verandas</strong> s&rsquo;engage en faveur de l&rsquo;accessibilité numérique pour les personnes handicapées. Nous améliorons continuellement l&rsquo;expérience utilisateur pour tous et appliquons les normes d&rsquo;accessibilité pertinentes. </p>

<h6 class="wp-block-heading">État de conformité</h6>

<p>Les directives sur l&rsquo;accessibilité des contenus web (WCAG) définissent des exigences pour les concepteurs et les développeurs afin d&rsquo;améliorer l&rsquo;accessibilité pour les personnes handicapées. Trois niveaux de conformité sont définis : niveau A, niveau AA et niveau AAA. </p>

<p><strong>Greenhouse Verandas</strong> s&rsquo;efforce en permanence d&rsquo;améliorer l&rsquo;accessibilité de son site et de ses services, car nous sommes convaincus qu&rsquo;il est de notre devoir moral collectif de permettre aux personnes handicapées d&rsquo;utiliser le site de manière transparente, accessible et sans entrave.</p>

<p>Nous nous efforçons de rendre accessibles toutes les pages et tous les contenus du site <strong>https://greenhouseverandas.be/</strong>, mais il se peut que certains contenus ne répondent pas encore entièrement aux normes d&rsquo;accessibilité les plus strictes. Cela peut être dû à des difficultés à trouver la solution technologique la plus appropriée. </p>

<p>Nous pouvons réviser cette déclaration périodiquement pour refléter les améliorations ou les changements apportés à nos pratiques en matière d&rsquo;accessibilité.</p>

<h6 class="wp-block-heading">Retour d&rsquo;information</h6>

<p>Vos commentaires sur l&rsquo;accessibilité du site de <strong>Greenhouse Veranda</strong> sont les bienvenus. N&rsquo;hésitez pas à nous faire savoir si vous rencontrez des obstacles à l&rsquo;accessibilité sur notre site : </p>

<p>Courriel : <strong>info@greenhouseverandas.be</strong></p>

<p>Nous nous efforçons de répondre aux commentaires dans un délai de 3 à 5 jours ouvrables.</p>

<p>Cette déclaration a été créée le 24-6-2025.  </p>

<p>Déclaration d&rsquo;accessibilité pour https://greenhouseverandas.be/ Greenhouse Verandas s&rsquo;engage en faveur de l&rsquo;accessibilité numérique pour les personnes handicapées. Nous améliorons continuellement l&rsquo;expérience utilisateur pour tous et appliquons les normes d&rsquo;accessibilité pertinentes. État de conformité Les directives sur l&rsquo;accessibilité des contenus web (WCAG) définissent des exigences pour les concepteurs et les développeurs afin d&rsquo;améliorer l&rsquo;accessibilité pour les personnes [&hellip;]</p>
